 = -x, 7*b - 11*b + 4*x = -156. Let v be -3 + 0 + 3 + 48. Let s = v - b. What is the remainder when 28 is divided by s?
3
Suppose 4*u - 15*u + 1705 = 0. Let p = u - 102. Calculate the remainder when 209 is divided by p.
50
Suppose 3*w - w = 5*t - 331, 4*t - 11*w - 199 = 0. What is the remainder when 1034 is divided by t?
68
Let x be (1 + 0)/(((-36)/8)/9). What is the remainder when (-1930)/(-6) + -2*x/(-6) is divided by 27?
24
Let b = -9700 + 9752. What is the remainder when 784 is divided by b?
4
Let i(z) = -236*z + 1079. Calculate the remainder when i(3) is divided by 120.
11
Let g(x) be the second derivative of x**4/12 - 15*x**3/2 + 61*x**2/2 + 139*x - 1. Calculate the remainder when g(44) is divided by 3.
2
Suppose 55*w - 56*w + 134 = f, 2*w + 402 = 3*f. Calculate the remainder when f is divided by 28.
22
Suppose 26*w - 25*w - 23 = -5*c, -25 = -3*w - 4*c. Let r(b) = 2*b - 1. Calculate the remainder when r(4) is divided by w.
1
Suppose u - 3*d + 270 = 2004, 3*d = 0. What is the remainder when u is divided by 427?
26
Suppose 0 = 3*i - 4*o - 203, -3*i + 52*o - 49*o = -201. Suppose -2*x + 174 = 3*x - n, 3*x - 2*n - 103 = 0. What is the remainder when i is divided by x?
30
Suppose 42*l - 1929 - 140 - 2257 = 0. What is the remainder when 1145 is divided by l?
12
Let f be ((-54)/72)/((-3)/8). Suppose 56 - 202 = -f*x. What is the remainder when x is divided by 37?
36
Let m = 218 - 135. Suppose 3*q = 2*c - 24, 0 = 2*c + 2*c + 3*q - 12. Let y(o) = 6*o - 14. What is the remainder when m is divided by y(c)?
17
Suppose -105*x = -85*x - 660. Suppose -x*j + 7*j + 1040 = 0. Calculate the remainder when 77 is divided by j.
37
Let h be (-5 + 23039)/6 + -4. Suppose -20*a - 1295 = -h. What is the remainder when a is divided by 34?
25
Suppose 4 = 4*s + 188. Let t = 49 + s. Suppose 59 = 3*x - 3*v - 67, -v = t*x - 106. What is the remainder when x is divided by 10?
7
Let z(s) = s**2 - 6*s + 9. Let w(p) = -10*p - 84. Let l(y) = 2*y**3 - 37*y**2 + 17*y + 9. Let a be l(18). Calculate the remainder when z(6) is divided by w(a).
3
Suppose -49 = -0*t - t. What is the remainder when 18 + ((-1020)/816)/(1/(-68)) is divided by t?
5
Suppose 0 = -3*d + 108*m - 112*m + 215, 0 = -3*m + 6. What is the remainder when 374 is divided by d?
29
Let t(b) = -2*b**3 - 3*b**2 - 3*b. Let l be ((-7 - -3)*-2)/(-2). Calculate the remainder when t(-3) is divided by l/12 - 80/(-6).
10
Suppose 4*v + 4*y = 32, 11 - 31 = -2*v - 3*y. Let u = 802 - 800. Suppose 4*j - u*q - 47 = 9, -3*j + 39 = -3*q. Calculate the remainder when j is divided by v.
3
Let b = 1281 - -62. Calculate the remainder when b is divided by 14.
13
Suppose -246*b - 939 = -5859. Let o be (-3)/(-9) + (-536)/(-3). Let r = o + -60. Calculate the remainder when r is divided by b.
19
Suppose 4*h + 2*m = 6*h - 4168, -m + 5 = 0. What is the remainder when h is divided by 55?
54
Let k = 273 - 489. Let l = k + 228. What is the remainder when 34 is divided by l?
10
Suppose 2*n - n - 14 = 0. Calculate the remainder when 186 is divided by ((-6)/3)/(7/n) - -13.
6
Suppose -304*h - 3*y - 29116 = -306*h, -h + 14558 = 2*y. Calculate the remainder when h is divided by 104.
102
Let u = -354 - -558. Calculate the remainder when u is divided by 6.
0
Let q = -60 - -61. Suppose 0 = 3*n + 2*m - 6*m - q, n = -m - 9. Calculate the remainder when (23*-4)/(n - -4) is divided by 19.
16
Let w(s) = 3 - s**2 + 4 - 8 + 7*s + 20. Suppose 18*j - 480 - 150 = 0. Calculate the remainder when j is divided by w(7).
16
Suppose -2*u + 2493 - 2455 = 0. Suppose 0 = -2*b - 3*w + 207 - 68, -206 = -3*b - 4*w. What is the remainder when b is divided by u?
5
Suppose -364 = -25*y - 3*y. Suppose -306 = -5*g + 3*g. Calculate the remainder when g is divided by y.
10
Calculate the remainder when 246 is divided by -53 - -58 - (-7)/(21/372).
117
Suppose -11*q + 3458 = 917. Calculate the remainder when q is divided by 48.
39
Suppose -6 = -2*k + 3*d, 3*k = -d + 9 + 11. Suppose 96 = -256*b + 1535 + 97. What is the remainder when b is divided by k?
0
Suppose -2*b = -0*b + n - 354, 5*n - 895 = -5*b. Suppose 59*k - b = 54*k. What is the remainder when k is divided by 16?
3
Suppose a = -3*u + 715, 5*u - 15*a - 1169 = -11*a. Calculate the remainder when u is divided by ((-30)/25*4)/((-4)/20).
21
Suppose 0 = 4*s + 4*n - 28, 4*n - 10 - 8 = s. Suppose 267 = j - 7*h + 3*h, s*h + 263 = j. What is the remainder when j is divided by 38?
31
Suppose -4*s + 2*o = -12176, 2*s - 719*o + 722*o - 6056 = 0. What is the remainder when s is divided by 17?
14
Let m = 223 + -65. Suppose 0 = 5*i - m - 162. What is the remainder when i is divided by 38?
26
Suppose 9*y - 7369 = 1934 - 429. Calculate the remainder when y is divided by 62.
56
Suppose -h - 29 = -128. Let y = 97 - h. Calculate the remainder when 73 is divided by 1444/57 + y/(-3).
21
Let n be (-84 + 2)/(0 - -2). Let m = -39 - n. Suppose 0 = 3*x - 6*h + m*h - 42, 70 = 5*x + 2*h. What is the remainder when 139 is divided by x?
13
Suppose 121*c - 124*c = -h + 162, 5*c = 5*h - 800. What is the remainder when h is divided by 35?
19
Let j be (-4 - -2 - 462)*(-6)/3. Suppose -11*f + 722 + j = 0. What is the remainder when f is divided by 76?
74
Let g = 682 - 669. Suppose -228 + 206 = -2*f. Calculate the remainder when g is divided by f.
2
Suppose -2*f + 4*s + 22 = 0, 58 = -0*f + 4*f - s. Let w = f + 74. What is the remainder when w is divided by 45?
44
Suppose -t + 105 = 6*t. Let g = 33 - t. Let u = 82 - 11. Calculate the remainder when u is divided by g.
17
Let q(n) = n**3 - 2*n**2 + 11*n - 42. Calculate the remainder when q(9) is divided by 35.
29
Let a be (-56)/40 - (2/5)/(-1). Calculate the remainder when 32 is divided by (a + (-136)/56)/(2/(-7)).
8
Let z = -258 + 283. Calculate the remainder when z is divided by 21 - 3 - (8 - 7).
8
Let r be (-2)/(-5) + 2/(-20)*4. Let z = 37 + r. Suppose z = 5*s - 63. Calculate the remainder when 56 is divided by s.
16
Let v(p) = -p**3 + 56*p**2 - 160*p + 63. Calculate the remainder when 80 is divided by v(53).
0
Suppose l - 7 = -0*l. Let p(b) = -2*b**2 + 25*b + 231. Let g be p(-12). Let q = g + 405. What is the remainder when q is divided by l?
6
Let j = 458 - 452. Suppose 5*c = -2*u + 34, j*u - 34 = 3*u + c. Calculate the remainder when 59 is divided by u.
11
Suppose -8*p + 3752 = 3200. Calculate the remainder when 198 is divided by p.
60
Suppose -b + 91*n + 7 = 88*n, 2*n = 2*b - 26. Suppose -2*r - 684 = -2*j - 46, 3*j = -r + 937. What is the remainder when j is divided by b?
10
Suppose 7*h - 4*s = 12*h + 452, 4 = 2*s. Let o = h - -201. What is the remainder when 422 is divided by o?
95
Let p(a) = a + 9. Let s(h) = -4*h + 62. Let w be s(12). Suppose 8*y = w*y - 60. What is the remainder when y is divided by p(-5)?
2
Suppose 0 = 2*d - 2*i - 148, -225 - 139 = -5*d + 4*i. Let o = 23 - -1. What is the remainder when d is divided by o?
20
Let l(r) = 19*r**3 - 118*r**2 - 24*r - 36. What is the remainder when l(9) is divided by 22?
15
Suppose 2*o + 134 - 120 = h, -17 = 2*h + 5*o. Let a = 10 + -6. What is the remainder when h is divided by a?
0
Suppose 66 = 3*a - 33. Let q(r) = 9*r**2 + 57*r - 14. Let d be q(-7). Suppose -d*p - 16 = -184. What is the remainder when a is divided by p?
3
Let g(s) = -470*s - 1258. What is the remainder when g(-4) is divided by 18?
10
Let g(x) be the second derivative of -2*x**3/3 - 45*x**2/2 - 169*x. What is the remainder when 153 is divided by g(-14)?
10
Calculate the remainder when (-677 - -1)*(-471)/1884 is divided by 11.
4
Let t = -2009 - -2021. Suppose -6*a = -7*a + 27. What is the remainder when a is divided by t?
3
Let k = 49 - 34. Let m(c) be the third derivative of c**5/30 - 7*c**4/24 + 11*c**3/6 + c**2. What is the remainder when m(6) is divided by k?
11
Calculate the remainder when -14 - (12 + 111/(-4)) - 6453/(-4) is divided by 120.
55
Let k be 9 - 18 - 0 - -14. Suppose 4*g - 495 = -3*b, 0 = -0*g + 5*g + k*b - 625. Calculate the remainder when g is divided by 36.
12
Let l(c) = 2*c**3 + 13*c**2 + 4*c + 46. Let f be l(-9). Let x = f - -411. Calculate the remainder when 348 is divided by x.
12
Suppose 1 = 2*q - 5*t, 5*q - 9*q + t = -11. Suppose 4*k - 27 = q*k. What is the remainder when 51 is divided by k?
24
Suppose 1503 = 5*l - l + 5*t, l - 5*t - 407 = 0. Calculate the remainder 